hat is -1564 - 64012?
-65606
In base 9, what is 66508 - -184?
66703
In base 14, what is -14ada - -1c04?
-12cd6
In base 8, what is -1027062 - -407?
-1026453
In base 15, what is -cbd3d + -d?
-cbd4b
In base 3, what is 10 + 11210202020100?
11210202020110
In base 6, what is -1023 + -153150353?
-153151420
In base 3, what is 101201120111 - 1210?
101201111201
In base 7, what is -10266651 + 33?
-10266615
In base 6, what is -510050253 - -33?
-510050220
In base 13, what is 3c1 + 6558?
6949
In base 8, what is -10644346 + 17?
-10644327
In base 8, what is 7413 - -35725?
45340
In base 7, what is 164012 - -102242?
266254
In base 10, what is 6 + 9983867?
9983873
In base 15, what is -1a9712 - 0?
-1a9712
In base 10, what is -356120 - -10?
-356110
In base 6, what is 2014410 - 100?
2014310
In base 13, what is 1a311 - 344?
19c9a
In base 10, what is 10 - 682519?
-682509
In base 9, what is 112551 - 2364?
110176
In base 7, what is 1145466505 - 4?
1145466501
In base 13, what is 527102ac - 2?
527102aa
In base 4, what is 2330102112 - 21?
2330102031
In base 11, what is -49831a + 128?
-4981a2
In base 11, what is -17 - 49554?
-49570
In base 13, what is 2 - 7949707?
-7949705
In base 6, what is -253245332 - -2?
-253245330
In base 14, what is aa303101 + -2?
aa3030dd
In base 7, what is 12646346 + 205?
12646554
In base 12, what is 41505 + -26?
4149b
In base 3, what is 112 + -100212122002220021?
-100212122002212202
In base 14, what is 317 - 4c8a?
-4973
In base 7, what is 2 + -122561226?
-122561224
In base 13, what is 6463 + cb01?
16264
In base 11, what is 2 + 47a92813?
47a92815
In base 8, what is 4412000 - 22?
4411756
In base 11, what is 2 + -7a0366?
-7a0364
In base 5, what is 30 + 2214431?
2220011
In base 5, what is 1004442213 - -14?
1004442232
In base 8, what is -1 + -133442734?
-133442735
In base 10, what is -1169 - -907206?
906037
In base 14, what is -3712 + -597?
-3ca9
In base 2, what is -10100100101111010011010 + -11?
-10100100101111010011101
In base 12, what is 26a5 + -b71?
1734
In base 3, what is -12012202 + -20101112?
-102121021
In base 13, what is 3 - -1431177?
143117a
In base 2, what is 100111010110110111000 - -1011?
100111010110111000011
In base 8, what is -7627 + -30674?
-40523
In base 8, what is 375 + -4055042?
-4054445
In base 5, what is 11440 - -2111442?
2123432
In base 4, what is 31331312023 + -10132?
31331301231
In base 9, what is 6 + -2123306?
-2123300
In base 5, what is 102301213 - 2214?
102243444
In base 4, what is -2002023 - 333313?
-3002002
In base 11, what is -142 - 716a2?
-71834
In base 11, what is 3267 + 995?
4151
In base 6, what is -5533 + 1323?
-4210
In base 16, what is 5 - -aeafce?
aeafd3
In base 8, what is 15 - -4010541?
4010556
In base 2, what is -110111000010110 - 11111111111001?
-1010111000001111
In base 2, what is -1111010100110011011101 + -101?
-1111010100110011100010
In base 4, what is 1120 + 231132111?
231133231
In base 4, what is 110 - -1233002123?
1233002233
In base 7, what is -2442 - 1562?
-4334
In base 5, what is -2433 - -4302101?
4244113
In base 11, what is 396927 - 5?
396922
In base 9, what is 610626 - 387?
610228
In base 4, what is -10320 - -1300321103?
1300310123
In base 10, what is 2819670 + -1?
2819669
In base 2, what is -1010 + 11000111000111110011100?
11000111000111110010010
In base 2, what is -11111011 + -11011010110010100?
-11011011010001111
In base 3, what is -10120012222021 + -10?
-10120012222101
In base 14, what is 5a + b805?
b861
In base 3, what is 201220011 - 11111?
201201200
In base 7, what is -15 + 522621232?
522621214
In base 7, what is 414 - 344155?
-343441
In base 4, what is -22102213202 + 30?
-22102213112
In base 16, what is -56 + -3545c?
-354b2
In base 2, what is 11111001 - -1000001101011100?
1000010001010101
In base 4, what is -1 + 1102222130331?
1102222130330
In base 2, what is 11 + -10010101011101111111000010?
-10010101011101111110111111
In base 13, what is -5 - -c31b7?
c31b2
In base 15, what is 26c54 + 103?
26d57
In base 12, what is -115 - 49b2?
-4b07
In base 3, what is 12221 + 212202000112?
212202020110
In base 15, what is e3 + -5534c?
-55259
In base 3, what is -12 + -11100122212112?
-11100122212201
In base 4, what is -211023303 - 1130?
-211031033
In base 7, what is 234 + -212622?
-212355
In base 7, what is -33361502 - 5?
-33361510
In base 11, what is -12031132 - 7?
-12031139
In base 11, what is -247520 - -111?
-24740a
In base 14, what is 86 + ba06?
ba8c
In base 4, what is -2112211203020011 + 11?
-2112211203020000
In base 15, what is 2ed8e - -92?
2ee31
In base 3, what is -10110101022010 + -20?
-10110101022100
In base 5, what is 0 - -4022224202?
4022224202
In base 14, what is 339bbb + -11?
339baa
In base 16, what is -3b - -34584e?
345813
In base 4, what is -10 + -11011131302?
-11011131312
In base 4, what is 2230120133231 + -10?
2230120133221
In base 9, what is -3 - 103410?
-103413
In base 12, what is a0b - -348365?
349174
In base 16, what is -14515 - 2c3?
-147d8
In base 10, what is 439478 - -7?
439485
In base 3, what is -11 + 22221011111101010?
22221011111100222
In base 9, what is 1554 - 38634?
-37070
In base 16, what is 22fc134 + -3?
22fc131
In base 16, what is 21 + 9932?
9953
In base 4, what is 131 + -1111002023?
-1111001232
In base 4, what is 230221320 - -102122?
230330102
In base 3, what is 2 - -2012112111222?
2012112112001
In base 10, what is 33377 - -952?
34329
In base 16, what is -5 - -16b515?
16b510
In base 2, what is 11010110111 - 111101000011?
-100010001100
In base 11, what is 4452388 - -5?
4452392
In base 12, what is -b35 + 2b5b?
2026
In base 2, what is -100000 + 1011101011000101001001?
1011101011000100101001
In base 4, what is -3121 - 2311132220?
-2311202001
In base 7, what is -1051 + -2601664?
-2603045
In base 4, what is 12303300230 - -2?
12303300232
In base 16, what is -be5910 - -4?
-be590c
In base 11, what is -1438a3 - 3?
-1438a6
In base 9, what is 50504 - -277?
50782
In base 10, what is -5591036 + -2?
-5591038
In base 10, what is -5807195 + -24?
-5807219
In base 12, what is 14a001 - -941?
14a942
In base 16, what is 4 - -b7c811?
b7c815
In base 11, what is 11231122 - 1?
11231121
In base 7, what is -4641 - 534456?
-542430
In base 11, what is 373872 + -104?
373769
In base 5, what is 21 + -21311102?
-21311031
In base 11, what is 1064 + 5a9?
1662
In base 10, what is -19 - 970219?
-970238
In base 16, what is 1ced - -444?
2131
In base 11, what is -1019477 - -32?
-1019445
In base 5, what is -23 + -100120221?
-100120244
In base 7, what is 10161 - 215324?
-205133
In base 2, what is -101010 + -101011000001011011?
-101011000010000101
In base 11, what is -4 + -360a9a56?
-360a9a5a
In base 5, what is -11124331222 + -2?
-11124331224
In base 2, what is -1001101 + -11010001000011001?
-11010001001100110
In base 15, what is -d + -5b026a?
-5b0278
In base 14, what is 33a - -13d86?
142c2
In base 7, what is -3 + 15526266?
15526263
In base 2, what is -1000001010001111010011110111 - -1?
-1000001010001111010011110110
In base 14, what is -17992a52 - 4?
-17992a56
In base 8, what is -4212016 - -163?
-4211633
In base 15, what is -7241a9 + 3?
-7241a6
In base 2, what is 1010000100010 + 10011101010?
1100100001100
In base 7, what is 40356 + -10566?
26460
In base 11, what is 3 + -1802a84?
-1802a81
In base 5, what is 4 - -113041001411?
113041001420
In base 13, what is 14504a7 + -1b?
1450489
In base 8, what is -6445 + -166?
-6633
In base 16, what is 4c219 + a?
4c223
In base 7, what is -352303454 + -2?
-352303456
In base 6, what is 4342 + 150014?
154400
In base 14, what is -17c2552 - 2?
-17c2554
In base 2, what is 11100000101110110001101100 + 100?
11100000101110110001110000
In base 10, what is -352755176 + -3?
-352755179
In base 2, what is -1101 - -1011011000000101010001001?
1011011000000101001111100
In base 16, what is -4fd0f - 7e?
-4fd8d
In base 5, what is -11021 + 23441?
12420
In base 12, what is -1a54282 - -2?
-1a54280
In base 5, what is -1142403102241 - 3?
-1142403102244
In base 11, what is -5 - 11252aa?
-1125304
In base 6, what is 1 - 50231003?
-50231002
In base 5, what is -2112142401 - -10?
-2112142341
In base 2, what is 11110101010100011011110 + 1000000?
11110101010100100011110
In base 4, what is 20310 + -33132300?
-33111330
In base 14, what is 5 - c710344?
-c71033d
In base 7, what is -51 + 11646335?
11646254
In base 10, wha